 is the units digit of 4*5/(j/(-2))?
8
Suppose 0 = 4*s - 21 - 43. Let m(a) = -a + 2. Let t be m(4). Let n = t + s. What is the tens digit of n?
1
Let m(a) = 2*a**2 - 2*a + 0*a + 3*a. What is the tens digit of m(2)?
1
Suppose 2*d - 30 = z, 3*d - 14 - 31 = 2*z. What is the tens digit of d?
1
Suppose 13 = 4*z - z + 2*f, 2*z - 2*f = 12. Suppose -x = v - 7, -7 = -4*v + z*x - 2*x. What is the units digit of v?
4
Suppose 2*z = -z + 9. Suppose z*j + i + 0*i = 14, 5*j - 16 = 2*i. What is the units digit of j?
4
Let l be (-5)/10 + (-421)/(-2). Let w be (2/4)/(3/l). Let v = w + -25. What is the units digit of v?
0
Suppose -3*b - 29 = -7*a + 3*a, 0 = 4*a + 5*b - 5. Suppose -6*r + r = -a. What is the units digit of r?
1
Let t(h) = -18*h + 1. Let a(p) = 1. Let k(z) = -z - 1. Let w(l) = a(l) + k(l). Let y(s) = t(s) - 3*w(s). What is the units digit of y(-1)?
6
What is the units digit of (-54)/(-12)*36*(0 - -1)?
2
Let r = -63 - -108. What is the tens digit of r?
4
Let s(l) = l**2 - l - 1. Let t(j) = -j**3 + 6*j**2 - 5*j + 3. Let b be t(5). Suppose -4*w + 4*d = 0, 5*w + 3 + b = 3*d. What is the units digit of s(w)?
1
Let w(k) = -7*k + 4. What is the tens digit of w(-6)?
4
Let m(v) = v**2 - 12*v - 41. What is the tens digit of m(20)?
1
Let u = 44 - 13. What is the units digit of u?
1
Let g(f) = -f**3 + 8*f**2 + f + 1. Let o be g(8). Suppose -4*z = 5*h, -6 - o = z + 5*h. What is the units digit of z?
5
Let c(l) = 2*l**2. Let k be c(-5). Suppose -x = -5*i + 15, 3*x - k = -4*i - 19. Suppose 0 = -i*q + 2*q + 46. What is the tens digit of q?
2
Let w be (-2 - -2) + 2 + -1. What is the tens digit of (-87)/(-9) + w/3?
1
Let i(x) = x**3 - 12*x**2 - 9*x + 4. What is the units digit of i(14)?
0
Let u(t) = t**3 - 3*t**2 + 5*t - 4. Let x be u(3). Let z = -7 + x. Suppose 3*m = 11 + z. What is the units digit of m?
5
Let h(r) = r**3 + 3*r**2 + 2*r - 21. What is the units digit of h(5)?
9
Let x(k) = 2*k + 3. What is the units digit of x(5)?
3
Suppose -7*h - 5*b + 330 = -2*h, 5*b = -5. What is the units digit of h?
7
Let b(v) = 19*v - 59. What is the tens digit of b(21)?
4
Let i(g) = -g + 8. Let v be i(8). Let x(d) = 6*d**3 + d. Let k be x(-1). What is the units digit of v + 3/3 - k?
8
Let w(i) = -i**3 - 8*i**2 + 10*i + 3. Let s be w(-9). What is the units digit of (-2)/s + (-40)/(-6)?
7
Let h = -64 + 68. What is the units digit of h?
4
What is the tens digit of 468/((-10)/(-5)) + 4?
3
Suppose 2*l + 0*h = -h - 43, 26 = -l + 4*h. What is the tens digit of 1 + (-3 - l/1)?
2
Let a = 435 - 242. What is the tens digit of a?
9
Let h = 2 + -2. Suppose -4*m + 4 = -h*m. What is the units digit of 6 - m*(0 + -1)?
7
Suppose -2*m + 6*m = 80. Let x = 11 - m. What is the units digit of -33*3/x*1?
1
Let z(r) be the first derivative of -5*r**2 + r + 1. Let q be z(-3). Suppose -4 = y - 5*k - q, y = k + 15. What is the units digit of y?
2
Suppose -4*n = 2*l - 140, 4*n + 58 = -l + 2*l. What is the tens digit of l?
6
Let u be (-2)/(-8) + 3/(-12). Suppose 0 = -v + 2, -m + u*m + 2*v = 0. What is the units digit of m?
4
Suppose -4*q = -14 + 38. Let n(r) be the second derivative of -r**3/6 + 4*r**2 - r. What is the units digit of n(q)?
4
Suppose -3*a - 6*m = -2*m - 70, -3*a = -5*m - 34. What is the tens digit of a?
1
Let v(r) = r**2 - 8*r - 9. What is the tens digit of v(-12)?
3
Let p = -10 + 6. Let r(k) = -k**2 + 3*k - 2. Let q be r(2). Let i = q - p. What is the units digit of i?
4
Suppose -2*b + 18 = 2*b + t, 10 = 5*b - 5*t. Let y = -4 + b. Suppose p - 3 = -y*p. What is the units digit of p?
3
Suppose -480 = -5*g + g. What is the tens digit of g?
2
Let p = -4 + 2. What is the units digit of (p - -1 - 0)*-9?
9
Suppose -4*c - 2*b = 192, c = 2*b - 4*b - 45. Let f = 105 + c. What is the tens digit of f?
5
Let m be (3 - 6) + (4 + -3 - -9). Let t be 1 - 1/(-2)*-2. What is the units digit of t - 1 - (-11 + m)?
3
Suppose -2*p + 2 + 8 = 2*r, 3*r - 2*p = 0. Let f = r + 0. Suppose 5*y = f*y + 9. What is the units digit of y?
3
Suppose l - 9 = -4*n, -n - 4*l + 10 = 2*n. Suppose 7*z - n*z = 0. Suppose d + z*d = 9. What is the units digit of d?
9
Let j be (-20 + 2 - 3)/1. Let r = -10 - j. What is the units digit of r?
1
Let g be (3/3)/((-1)/(-5)). Suppose 2*a + 3*r = 41, 2*r - g = 3*a - 34. What is the tens digit of a?
1
Let h = 12 + -10. Suppose 6*o = 2*o + 5*w + 4, -3*o = h*w - 3. What is the units digit of (-2)/((-2 - 0)/o)?
1
Let t(q) = -2 - 4*q + 4*q**2 + 4 + q**3 + 9. What is the units digit of t(-5)?
6
Suppose k + 2*k = 18. Let h be 0/(2*(-3)/k). Suppose -2*c - 41 = -7*c - 4*r, h = 4*c - r - 37. What is the units digit of c?
9
Suppose -12 + 32 = 4*d, 0 = 2*c - d - 37. Suppose 2*h = 5*h - c. What is the units digit of h?
7
What is the units digit of 27/(-6)*188/(-6)?
1
Suppose 4*r = -2*x + 116, 27 + 2 = r + 5*x. What is the units digit of r?
9
Let y = 46 + 25. What is the tens digit of y?
7
Let o(j) = j**3 - 10*j**2 + 2*j - 9. What is the units digit of o(10)?
1
Suppose 13 = -3*a + 46. Suppose -4 = -2*j - 10. Let y = j + a. What is the units digit of y?
8
Let b = 16 + -14. Suppose 5*d = -5*k + 20, 5*d - b*k + 0*k - 48 = 0. What is the units digit of d?
8
Let g(s) = -s**3 + 6*s**2 - 6*s + 1. Let r be g(5). Let z = r + 7. Suppose 4*t = -z*m + 27, 0*t + 2*t - 3*m - 9 = 0. What is the units digit of t?
6
Let g(w) = w**2 + 4*w - 4. Let x be g(-4). What is the tens digit of (-1*18)/(6/x)?
1
Let q(s) = 2 - 3*s + 0 + 0*s. Let n = 5 - 7. What is the units digit of q(n)?
8
Let s = 12 - -19. What is the units digit of s?
1
What is the units digit of 810/22 + 8/44?
7
Suppose -4*r = -3*r + 35. Let u = 73 + r. What is the tens digit of u?
3
Suppose 3*p - 9 = -3*m, 4*m + 4 = 2*p + 8*m. Suppose p*f - 91 = 5. What is the tens digit of f?
2
Let k(t) = t**3 - 4*t**2 - 6*t + 3. Let i be k(5). Let f be 2 - 0 - (-4)/i. What is the units digit of 21/3 - (f + 0)?
7
Let o = 8 - 0. What is the units digit of (154/o)/(-7)*-4?
1
Let b be -2 - 3/(-6)*2. Let t(g) = -6*g**3 - g**2 - g - 1. Let d be t(b). Suppose d*q - 33 = 32. What is the tens digit of q?
1
Let f = -10 - -10. Suppose f = -3*q + 4*q, 75 = 5*i + 5*q. What is the units digit of i?
5
Suppose 6*r - 3*r - 18 = 0. What is the units digit of r?
6
Suppose -s + 3*u + 20 = 0, -5*s + u + 26 = -46. Let r = s - 23. What is the units digit of (-16)/12*r/2?
6
Let l be ((-8)/(-6))/((-6)/(-117)). Suppose l = 5*s + 1. Suppose h = -s*t + 4*h + 10, 40 = 4*t + 4*h. What is the units digit of t?
5
Suppose 6*l = 3*l + 15. Let p = 1 - -3. Suppose -1 = p*i - 4*h - l, 4*i = -5*h + 4. What is the units digit of i?
1
Let z be -2 - -52*2/2. Suppose 5*v - 30 = -4*s, -4*v = -4*s + 2*s - z. What is the units digit of v?
0
Let c = 66 - -7. Suppose -z - c = -3*b, -2*b + 5*b = -5*z + 49. What is the units digit of b?
3
Let h be 30 - (-1)/((-3)/9). Let g = h + -1. What is the units digit of g?
6
Suppose -7*v = -3*v. What is the units digit of 0 + (0 - v) - -8?
8
Let u(i) = -i**3 - 2*i - 1. Let g = -5 - -4. Let z be u(g). What is the units digit of (-2 - -1)/(z/(-6))?
3
Let v(q) = 2*q**3 - 2*q**2 + q + 2. Let u(c) = -c**2 + 4*c - 3. Let r be u(3). Let x be (-3 + (r - -1))/(-1). What is the units digit of v(x)?
2
Suppose -5*t + 0*t = -240. What is the units digit of t?
8
Let i(h) = 2 + 2*h**2 + 2*h**2 + 0*h + 3*h**3 - 4*h**3 + 5*h. What is the units digit of i(5)?
2
Let i be 1/((-1)/(-6*1)). Suppose -5*t = -2*t - i. Suppose -3*h = -t - 4. What is the units digit of h?
2
Suppose 0*q + 24 = q. What is the units digit of q?
4
Let s(a) = -a**3 - 7*a**2 - 7*a - 8. Let r be s(-6). What is the units digit of -1 + ((-2)/r - -23)?
3
Suppose 0 = -t + 3*z - 0*z - 6, -3*t - 5*z = -52. What is the units digit of (-9*30/t)/(-2)?
5
Suppose 2*v - 4*k + 23 = 3, -3*v - 5*k + 25 = 0. Let p(j) = -j**3 - j**2 + 2. Let m be p(v). Let n = -1 + m. What is the units digit of n?
1
Let k(l) = 0*l - 2*l**3 - 6*l**2 - 4 + 7*l + 3*l**3. Let v be k(4). What is the tens digit of (v/(-16))/((-1)/(-22))?
1
Let y(n) = n**3 + 8*n**2 - n + 9. What is the tens digit of y(-7)?
6
Suppose 2*z - 6 = -0*z. Suppose 14 = z*i + r, -3*r - 11 = -3*i - 7*r. Suppose -2*h + 3*h - i = 0. What is the units digit of h?
5
Suppose 2*s + 13 = 7*s + 3*k, -7 = -3*s - 2*k. Suppose 14 = s*d - 3*d - 2*c, -3*c = -d + 13. What is the units digit of d?
4
Let y = -7 +